What are the prime factors of 340793?
340793
List the prime factors of 4835655.
3, 5, 11, 9769
What are the prime factors of 3320917?
191, 17387
List the prime factors of 120778.
2, 7, 8627
List the prime factors of 11992168.
2, 1049, 1429
List the prime factors of 6972.
2, 3, 7, 83
List the prime factors of 183787.
17, 19, 569
What are the prime factors of 6031269?
3, 107, 6263
What are the prime factors of 870566?
2, 435283
List the prime factors of 23182407.
3, 17, 277, 547
List the prime factors of 9668.
2, 2417
List the prime factors of 362369.
7, 51767
What are the prime factors of 11761384?
2, 1470173
List the prime factors of 22481758.
2, 13, 31, 27893
What are the prime factors of 12802855?
5, 13, 431, 457
What are the prime factors of 369420?
2, 3, 5, 47, 131
What are the prime factors of 1862371?
7, 266053
List the prime factors of 4917557.
4917557
What are the prime factors of 14366559?
3, 23, 59, 3529
List the prime factors of 412845.
3, 5, 17, 1619
List the prime factors of 27313003.
27313003
List the prime factors of 694045.
5, 11, 12619
List the prime factors of 713093.
31, 23003
List the prime factors of 10445202.
2, 3, 31, 18719
List the prime factors of 855738.
2, 3, 13, 23, 53
What are the prime factors of 26282?
2, 17, 773
List the prime factors of 45045.
3, 5, 7, 11, 13
What are the prime factors of 2692310?
2, 5, 269231
List the prime factors of 698011.
101, 6911
List the prime factors of 917892.
2, 3, 2833
What are the prime factors of 284393?
17, 16729
What are the prime factors of 11481553?
11481553
List the prime factors of 491750.
2, 5, 7, 281
List the prime factors of 453508.
2, 11, 937
What are the prime factors of 560450?
2, 5, 11, 1019
List the prime factors of 19710863.
19710863
List the prime factors of 2618361.
3, 59, 4931
What are the prime factors of 139667?
11, 12697
What are the prime factors of 516530?
2, 5, 7, 47, 157
List the prime factors of 230866.
2, 89, 1297
What are the prime factors of 1557751?
13, 119827
List the prime factors of 1414153.
13, 181, 601
What are the prime factors of 11691756?
2, 3, 29, 3733
List the prime factors of 8445120.
2, 3, 5, 19, 463
List the prime factors of 207209.
109, 1901
List the prime factors of 1029427.
7, 199, 739
List the prime factors of 558349.
11, 193, 263
What are the prime factors of 130691?
11, 109
What are the prime factors of 13721823?
3, 23, 151, 439
List the prime factors of 3523167.
3, 47, 8329
List the prime factors of 442185.
3, 5, 41, 719
List the prime factors of 236399.
236399
What are the prime factors of 1656311?
1656311
What are the prime factors of 1463292?
2, 3, 17, 797
List the prime factors of 24298196.
2, 13, 37, 73, 173
What are the prime factors of 8418123?
3, 7, 47, 2843
List the prime factors of 11159361.
3, 17, 72937
List the prime factors of 3338146.
2, 7, 238439
What are the prime factors of 17515282?
2, 23, 37, 41, 251
List the prime factors of 367139.
367139
What are the prime factors of 349516?
2, 59, 1481
List the prime factors of 10715308.
2, 227, 11801
List the prime factors of 121011.
3, 11, 19, 193
What are the prime factors of 245801?
23, 10687
What are the prime factors of 36577470?
2, 3, 5, 19, 64171
What are the prime factors of 3324910?
2, 5, 233, 1427
What are the prime factors of 174796?
2, 89, 491
List the prime factors of 2735294.
2, 1367647
What are the prime factors of 18460?
2, 5, 13, 71
What are the prime factors of 725096?
2, 233, 389
List the prime factors of 3744986.
2, 7, 31, 8629
List the prime factors of 13184033.
13184033
What are the prime factors of 2626413?
3, 31, 911
What are the prime factors of 2736688?
2, 171043
List the prime factors of 341902.
2, 11, 15541
List the prime factors of 659035.
5, 13, 10139
What are the prime factors of 12901854?
2, 3, 7, 307187
What are the prime factors of 432713?
432713
List the prime factors of 872387.
872387
What are the prime factors of 3225656?
2, 7, 57601
What are the prime factors of 160196?
2, 29, 1381
What are the prime factors of 10597574?
2, 13, 407599
What are the prime factors of 996889?
23, 89, 487
List the prime factors of 2301071.
19, 163, 743
What are the prime factors of 124909?
124909
What are the prime factors of 2512983?
3, 11, 271, 281
What are the prime factors of 16440981?
3, 5480327
List the prime factors of 13887601.
7, 13, 101, 1511
List the prime factors of 1697649.
3, 173, 3271
What are the prime factors of 6539634?
2, 3, 363313
What are the prime factors of 2983468?
2, 23, 32429
What are the prime factors of 266444?
2, 59, 1129
List the prime factors of 5150287.
59, 87293
What are the prime factors of 112481?
112481
List the prime factors of 1088805.
3, 5, 29, 2503
List the prime factors of 27548249.
2551, 10799
List the prime factors of 32432134.
2, 7, 89, 26029
What are the prime factors of 305025?
3, 5, 7, 83
List the prime factors of 392114.
2, 59, 3323
List the prime factors of 12183654.
2, 3, 7, 29, 1429
List the prime factors of 791011.
13, 71, 857
What are the prime factors of 5632203?
3, 1877401
List the prime factors of 2643090.
2, 3, 5, 19, 4637
List the prime factors of 16923109.
7, 17, 142211
List the prime factors of 10994670.
2, 3, 5, 43, 947
List the prime factors of 143491.
43, 47, 71
List the prime factors of 364250.
2, 5, 31, 47
List the prime factors of 196919.
196919
What are the prime factors of 1070235?
3, 5, 17, 1399
What are the prime factors of 350429?
350429
List the prime factors of 5758684.
2, 31, 46441
List the prime factors of 1250902.
2, 625451
List the prime factors of 387575.
5, 37, 419
What are the prime factors of 2102788?
2, 525697
What are the prime factors of 330442?
2, 7, 23603
List the prime factors of 1354244.
2, 19, 103, 173
What are the prime factors of 3669830?
2, 5, 366983
What are the prime factors of 6962491?
23, 103, 2939
What are the prime factors of 12211861?
31, 393931
What are the prime factors of 2652576?
2, 3, 27631
What are the prime factors of 341045?
5, 68209
List the prime factors of 18644782.
2, 13, 251, 2857
List the prime factors of 7327.
17, 431
What are the prime factors of 1016293?
199, 5107
What are the prime factors of 456910?
2, 5, 45691
What are the prime factors of 10733682?
2, 3, 61, 29327
What are the prime factors of 521936?
2, 32621
What are the prime factors of 603176?
2, 7, 10771
What are the prime factors of 74650?
2, 5, 1493
What are the prime factors of 178694?
2, 47, 1901
List the prime factors of 2428160.
2, 5, 7, 271
List the prime factors of 2827236.
2, 3, 17, 13859
What are the prime factors of 328739?
23, 14293
What are the prime factors of 7001277?
3, 2333759
List the prime factors of 20493.
3, 11, 23
List the prime factors of 109436.
2, 109, 251
What are the prime factors of 362805?
3, 5, 19, 67
List the prime factors of 3584412.
2, 3, 13, 23, 37
What are the prime factors of 10322487?
3, 7, 89, 263
What are the prime factors of 360570?
2, 3, 5, 7, 17, 101
What are the prime factors of 23801372?
2, 7, 850049
What are the prime factors of 73424?
2, 13, 353
List the prime factors of 2601295.
5, 223, 2333
List the prime factors of 319329.
3, 11827
What are the prime factors of 1259973?
3, 11, 13, 89
List the prime factors of 497783.
11, 13, 59
List the prime factors of 281292.
2, 3, 11, 2131
List the prime factors of 5960414.
2, 19, 101, 1553
List the prime factors of 70667.
70667
What are the prime factors of 3033974?
2, 1516987
What are the prime factors of 268844?
2, 67211
List the prime factors of 3800062.
2, 7, 71, 3823
What are the prime factors of 171290?
2, 5, 7, 2447
What are the prime factors of 1304908?
2, 11, 47, 631
List the prime factors of 290491.
19, 15289
List the prime factors of 210860.
2, 5, 13, 811
What are the prime factors of 270642?
2, 3, 43, 1049
List the prime factors of 2175250.
2, 5, 7, 11, 113
What are the prime factors of 373779?
3, 7, 17, 349
List the prime factors of 187668.
2, 3, 13, 401
List the prime factors of 116269.
116269
List the prime factors of 900346.
2, 67, 6719
What are the prime factors of 373414?
2, 186707
What are the prime factors of 1621533?
3, 540511
List the prime factors of 6194237.
7, 18059
What are the prime factors of 4414063?
37, 119299
What are the prime factors of 83526?
2, 3, 13921
List the